{"id":1115,"date":"2022-10-19T13:25:31","date_gmt":"2022-10-19T11:25:31","guid":{"rendered":"http:\/\/www.skovdesaints.com\/wordpress\/?page_id=1115"},"modified":"2023-01-05T09:53:46","modified_gmt":"2023-01-05T08:53:46","slug":"saints-tv-2","status":"publish","type":"page","link":"https:\/\/www.skovdesaints.com\/wordpress\/saints-tv-2\/","title":{"rendered":"Saints TV"},"content":{"rendered":"\t\t<div data-elementor-type=\"wp-page\" data-elementor-id=\"1115\" class=\"elementor elementor-1115\">\n\t\t\t\t\t\t\t\t\t<section class=\"elementor-section elementor-top-section elementor-element elementor-element-e27b0fd elementor-section-boxed elementor-section-height-default elementor-section-height-default\" data-id=\"e27b0fd\" data-element_type=\"section\">\n\t\t\t\t\t\t<div class=\"elementor-container elementor-column-gap-default\">\n\t\t\t\t\t<div class=\"elementor-column elementor-col-100 elementor-top-column elementor-element elementor-element-32a8856\" data-id=\"32a8856\" data-element_type=\"column\">\n\t\t\t<div class=\"elementor-widget-wrap elementor-element-populated\">\n\t\t\t\t\t\t\t\t<div class=\"elementor-element elementor-element-23dccaa elementor-widget elementor-widget-text-editor\" data-id=\"23dccaa\" data-element_type=\"widget\" data-widget_type=\"text-editor.default\">\n\t\t\t\t<div class=\"elementor-widget-container\">\n\t\t\t<style>\/*! elementor - v3.18.0 - 20-12-2023 *\/\n.elementor-widget-text-editor.elementor-drop-cap-view-stacked .elementor-drop-cap{background-color:#69727d;color:#fff}.elementor-widget-text-editor.elementor-drop-cap-view-framed .elementor-drop-cap{color:#69727d;border:3px solid;background-color:transparent}.elementor-widget-text-editor:not(.elementor-drop-cap-view-default) .elementor-drop-cap{margin-top:8px}.elementor-widget-text-editor:not(.elementor-drop-cap-view-default) .elementor-drop-cap-letter{width:1em;height:1em}.elementor-widget-text-editor .elementor-drop-cap{float:left;text-align:center;line-height:1;font-size:50px}.elementor-widget-text-editor .elementor-drop-cap-letter{display:inline-block}<\/style>\t\t\t\t<p><span style=\"color: var( --e-global-color-text ); font-family: var( --e-global-typography-text-font-family ), Sans-serif; font-weight: var( --e-global-typography-text-font-weight ); font-size: 15px;\">(dvs v\u00e5r Youtube kanal) <a href=\"http:\/\/www.youtube.com\/skovdesaintsbsk\" target=\"_blank\" rel=\"noopener\">L\u00c4NK<\/a><\/span><\/p><blockquote><blockquote><p>D\u00e4r lives\u00e4nder vi alla v\u00e5ra hemmamatcher och emellan\u00e5t l\u00e4ggs annat roligt\/informativt ut.<br \/><span style=\"color: var( --e-global-color-text ); font-family: var( --e-global-typography-text-font-family ), Sans-serif;\">En h\u00f6jdpunkt \u00e4r s\u00e5klart n\u00e4r v\u00e5ra egna Youtubers &#8221;Linzo&#8221; sl\u00e4pper ett nytt avsnitt.<br \/><\/span>En annan\u00a0<span style=\"color: var( --e-global-color-text ); font-family: var( --e-global-typography-text-font-family ), Sans-serif; font-weight: var( --e-global-typography-text-font-weight );\">h\u00f6jdpunkt \u00e4r\u00a0<\/span><span style=\"color: var( --e-global-color-text ); font-family: var( --e-global-typography-text-font-family ), Sans-serif;\">n\u00e4r ett nytt avsnitt av &#8221;Grimmans s\u00f6ndagssnack&#8221; kommer ut.<\/span><\/p><\/blockquote><blockquote><p><span style=\"color: var( --e-global-color-text ); font-family: var( --e-global-typography-text-font-family ), Sans-serif;\"><br \/><\/span><span style=\"color: var( --e-global-color-text ); font-family: var( --e-global-typography-text-font-family ), Sans-serif;\">Vi str\u00e4var st\u00e4ndigt efter att bli b\u00e4ttre p\u00e5 att s\u00e4nda Baseboll- &amp; Softboll- matcher till er. Utrustning f\u00f6r detta \u00e4r dock v\u00e4ldigt kostsam och vi mottager g\u00e4rna ett bidrag till v\u00e5r streamingverksamhet. Swisha g\u00e4rna ett valfritt bidrag till oss\u00a0 s\u00e5 kan vi ytterligare f\u00f6rb\u00e4ttra din upplevelse av lives\u00e4nd Baseboll &amp; Softboll p\u00e5 h\u00f6gsta niv\u00e5.<\/span><\/p><\/blockquote><\/blockquote><p>Swish: 123 189 84 28 (skriv &#8221;SaintsTV&#8221; i meddelanderutan)<\/p>\t\t\t\t\t\t<\/div>\n\t\t\t\t<\/div>\n\t\t\t\t\t<\/div>\n\t\t<\/div>\n\t\t\t\t\t\t\t<\/div>\n\t\t<\/section>\n\t\t\t\t<section class=\"elementor-section elementor-top-section elementor-element elementor-element-f1b2fe2 elementor-section-boxed elementor-section-height-default elementor-section-height-default\" data-id=\"f1b2fe2\" data-element_type=\"section\">\n\t\t\t\t\t\t<div class=\"elementor-container elementor-column-gap-default\">\n\t\t\t\t\t<div class=\"elementor-column elementor-col-100 elementor-top-column elementor-element elementor-element-87e03ae\" data-id=\"87e03ae\" data-element_type=\"column\">\n\t\t\t<div class=\"elementor-widget-wrap elementor-element-populated\">\n\t\t\t\t\t\t\t\t<div class=\"elementor-element elementor-element-d67c30e elementor-widget elementor-widget-wp-widget-custom_html\" data-id=\"d67c30e\" data-element_type=\"widget\" data-widget_type=\"wp-widget-custom_html.default\">\n\t\t\t\t<div class=\"elementor-widget-container\">\n\t\t\t<div class=\"textwidget custom-html-widget\"><\/div>\t\t<\/div>\n\t\t\t\t<\/div>\n\t\t\t\t\t<\/div>\n\t\t<\/div>\n\t\t\t\t\t\t\t<\/div>\n\t\t<\/section>\n\t\t\t\t\t\t\t<\/div>\n\t\t","protected":false},"excerpt":{"rendered":"<p>(dvs v\u00e5r Youtube kanal) L\u00c4NK D\u00e4r lives\u00e4nder vi alla v\u00e5ra hemmamatcher och emellan\u00e5t l\u00e4ggs annat roligt\/informativt ut.En h\u00f6jdpunkt \u00e4r s\u00e5klart n\u00e4r v\u00e5ra egna Youtubers &#8221;Linzo&#8221; sl\u00e4pper ett nytt avsnitt.En annan\u00a0h\u00f6jdpunkt \u00e4r\u00a0n\u00e4r ett nytt avsnitt av &#8221;Grimmans s\u00f6ndagssnack&#8221; kommer ut. Vi str\u00e4var st\u00e4ndigt efter att bli b\u00e4ttre p\u00e5 att s\u00e4nda Baseboll- &amp; Softboll- matcher till er. [&hellip;]<\/p>\n","protected":false},"author":1,"featured_media":0,"parent":0,"menu_order":0,"comment_status":"closed","ping_status":"closed","template":"","meta":{"footnotes":""},"class_list":["post-1115","page","type-page","status-publish","hentry"],"_links":{"self":[{"href":"https:\/\/www.skovdesaints.com\/wordpress\/wp-json\/wp\/v2\/pages\/1115","targetHints":{"allow":["GET"]}}],"collection":[{"href":"https:\/\/www.skovdesaints.com\/wordpress\/wp-json\/wp\/v2\/pages"}],"about":[{"href":"https:\/\/www.skovdesaints.com\/wordpress\/wp-json\/wp\/v2\/types\/page"}],"author":[{"embeddable":true,"href":"https:\/\/www.skovdesaints.com\/wordpress\/wp-json\/wp\/v2\/users\/1"}],"replies":[{"embeddable":true,"href":"https:\/\/www.skovdesaints.com\/wordpress\/wp-json\/wp\/v2\/comments?post=1115"}],"version-history":[{"count":34,"href":"https:\/\/www.skovdesaints.com\/wordpress\/wp-json\/wp\/v2\/pages\/1115\/revisions"}],"predecessor-version":[{"id":1333,"href":"https:\/\/www.skovdesaints.com\/wordpress\/wp-json\/wp\/v2\/pages\/1115\/revisions\/1333"}],"wp:attachment":[{"href":"https:\/\/www.skovdesaints.com\/wordpress\/wp-json\/wp\/v2\/media?parent=1115"}],"curies":[{"name":"wp","href":"https:\/\/api.w.org\/{rel}","templated":true}]}}